7?
1
What is the millions digit of 5605273?
5
What is the units digit of 1405518?
8
What is the tens digit of 431701?
0
What is the units digit of 151415?
5
What is the tens digit of 264917?
1
What is the tens digit of 421387?
8
What is the ten thousands digit of 1446542?
4
What is the thousands digit of 234996?
4
What is the millions digit of 20262262?
0
What is the tens digit of 5705600?
0
What is the units digit of 11512462?
2
What is the units digit of 221752?
2
What is the units digit of 32145?
5
What is the tens digit of 14653439?
3
What is the thousands digit of 7248?
7
What is the hundreds digit of 5183936?
9
What is the tens digit of 3043705?
0
What is the tens digit of 1063926?
2
What is the tens digit of 2637266?
6
What is the thousands digit of 41379869?
9
What is the millions digit of 2509080?
2
What is the thousands digit of 344448?
4
What is the hundreds digit of 11168595?
5
What is the ten thousands digit of 251043?
5
What is the thousands digit of 113136?
3
What is the units digit of 23736436?
6
What is the thousands digit of 1199?
1
What is the thousands digit of 968986?
8
What is the millions digit of 3021417?
3
What is the units digit of 4671812?
2
What is the thousands digit of 29442830?
2
What is the hundred thousands digit of 200063?
2
What is the hundred thousands digit of 169533?
1
What is the units digit of 8476447?
7
What is the ten thousands digit of 1679846?
7
What is the units digit of 148081?
1
What is the hundred thousands digit of 1079917?
0
What is the millions digit of 22791810?
2
What is the thousands digit of 284358?
4
What is the ten thousands digit of 32205?
3
What is the tens digit of 34565375?
7
What is the ten thousands digit of 8988901?
8
What is the hundred thousands digit of 518171?
5
What is the tens digit of 434982?
8
What is the ten thousands digit of 112769?
1
What is the hundred thousands digit of 828256?
8
What is the thousands digit of 240932?
0
What is the thousands digit of 19942858?
2
What is the hundred thousands digit of 1501774?
5
What is the hundreds digit of 3048?
0
What is the hundred thousands digit of 1013942?
0
What is the tens digit of 6711346?
4
What is the millions digit of 1678798?
1
What is the hundred thousands digit of 22285132?
2
What is the hundred thousands digit of 564452?
5
What is the thousands digit of 54142?
4
What is the hundred thousands digit of 3517978?
5
What is the tens digit of 57452?
5
What is the units digit of 336737?
7
What is the ten thousands digit of 204027?
0
What is the thousands digit of 63217?
3
What is the tens digit of 1400408?
0
What is the ten thousands digit of 77948?
7
What is the hundred thousands digit of 6829663?
8
What is the ten thousands digit of 83639?
8
What is the hundred thousands digit of 829967?
8
What is the units digit of 59479?
9
What is the units digit of 3859946?
6
What is the thousands digit of 2726805?
6
What is the millions digit of 1129539?
1
What is the hundreds digit of 10109312?
3
What is the tens digit of 170730?
3
What is the hundreds digit of 429912?
9
What is the millions digit of 1206834?
1
What is the ten thousands digit of 3658386?
5
What is the millions digit of 1634770?
1
What is the hundreds digit of 256658?
6
What is the units digit of 24121?
1
What is the thousands digit of 35435046?
5
What is the thousands digit of 90960?
0
What is the thousands digit of 1035041?
5
What is the hundreds digit of 2130487?
4
What is the hundreds digit of 447760?
7
What is the millions digit of 4648461?
4
What is the units digit of 204188?
8
What is the tens digit of 7743399?
9
What is the hundreds digit of 1904104?
1
What is the units digit of 262750?
0
What is the ten thousands digit of 609615?
0
What is the units digit of 17706840?
0
What is the ten millions digit of 10369751?
1
What is the ten thousands digit of 2225473?
2
What is the ten millions digit of 14170454?
1
What is the hundreds digit of 1181151?
1
What is the ten thousands digit of 109743?
0
What is the tens digit of 362817?
1
What is the units digit of 500654?
4
What is the thousands digit of 89245?
9
What is the hundred thousands digit of 2903449?
9
What is the tens digit of 6447435?
3
What is the hundred thousands digit of 12676771?
6
What is the ten thousands digit of 53272?
5
What is the hundreds digit of 305621?
6
What is the hundreds digit of 991943?
9
What is the units digit of 1322922?
2
What is the millions digit of 11249578?
1
What is the units digit of 3887292?
2
What is the thousands digit of 2168579?
8
What is the thousands digit of 512501?
2
What is the ten thousands digit of 57372?
5
What is the thousands digit of 7557378?
7
What is the ten millions digit of 29991982?
2
What is the ten thousands digit of 76453?
7
What is the ten thousands digit of 29286581?
8
What is the units digit of 186944?
4
What is the hundreds digit of 167953?
9
What is the units digit of 817434?
4
What is the hundred thousands digit of 590712?
5
What is the tens digit of 2776374?
7
What is the thousands digit of 16195?
6
What is the tens digit of 25226544?
4
What is the hundred thousands digit of 212577?
2
What is the tens digit of 8804469?
6
What is the thousands digit of 803743?
3
What is the ten thousands digit of 165137?
6
What is the hundreds digit of 1068055?
0
What is the units digit of 3414443?
3
What is the thousands digit of 2469581?
9
What is the thousands digit of 8021397?
1
What is the tens digit of 16394956?
5
What is the thousands digit of 3047128?
7
What is the units digit of 2818?
8
What is the thousands digit of 674236?
4
What is the tens digit of 56128?
2
What is the thousands digit of 3728878?
8
What is the ten thousands digit of 584242?
8
What is the hundreds digit of 435349?
3
What is the hundreds digit of 17647559?
5
What is the hundred thousands digit of 210279?
2
What is the hundred thousands digit of 12675607?
6
What is the hundred thousands digit of 154657?
1
What is the hundred thousands digit of 294297?
2
What is the millions digit of 6346790?
6
What is the hundred thousands digit of 5002140?
0
What is the ten thousands digit of 270941?
7
What is the hundred thousands digit of 816335?
8
What is the units digit of 239652?
2
What is the hundreds digit of 149003?
0
What is the ten thousands digit of 1260152?
6
What is the ten thousands digit of 150038?
5
What is the hundred thousands digit of 422187?
4
What is the thousands digit of 359068?
9
What is the millions digit of 8433304?
8
What is the hundreds digit of 1201925?
9
What is the thousands digit of 3053873?
3
What is the units digit of 119416?
6
What is the ten thousands digit of 241104?
4
What is the tens digit of 5469355?
5
What is the thousands digit of 990771?
0
What is the ten thousands digit of 621747?
2
What is the tens digit of 209446?
4
What is the units digit of 296826?
6
What is the ten thousands digit of 2152695?
5
What is the hundreds digit of 18384181?
1
What is the tens digit of 300850?
5
What is the units digit of 24578990?
0
What is the thousands digit of 307387?
7
What is the hundred thousands digit of 6190657?
1
What is the hundreds digit of 30400080?
0
What is the thousands digit of 117646?
7
What is the ten thousands digit of 36594?
3
What is the hundreds digit of 2150243?
2
What is the units digit of 29278239?
9
What is the units digit of 463364?
4
What is the tens digit of 5934981?
8
What is the ten thousands digit of 1217265?
1
What is the hundreds digit of 32375278?
2
What is the tens digit of 271940?
4
What is the millions digit of 17733864?
7
What is the ten thousands digit of 15474360?
7
What is the hundreds digit of 4193177?
1
What is the hundred thousands digit of 2273232?
2
What is the units digit of 387714?
4
What is the tens digit of 959328?
2
What is the units digit of 244623?
3
What is the hundred thousands digit of 569229?
5
What is the ten thousands digit of 860201?
6
What is the units digit of 42017?
7
What is the tens digit of 615182?
8
What is the units digit of 78198?
8
What is the hundreds digit of 230254?
2
What is the hundreds digit of 1897793?
7
What is the hundreds digit of 5021500?
5
What is the thousands digit of 401193?
1
What is the hundreds digit of 34958?
9
What is the units digit of 110990?
0
What is the hundreds digit of 4518665?
6
Wh